r of 75 and v?
15
Let j = 11 - 4. Let a(g) = 2*g**2 - 2*g - 3. Let r be a(4). Calculate the greatest common divisor of r and j.
7
Suppose -w - 2 = -5*i + 28, -i + 3*w = -20. Suppose i*n + u - 102 = 0, 130 = 4*n - 5*u + 31. Calculate the greatest common divisor of n and 21.
21
Let q be 16 + -18 + -1 + 11. What is the highest common divisor of q and 32?
8
Let o(i) = -2*i - 10. Let g be o(-7). What is the highest common divisor of g and 44?
4
Suppose -2*r + 35 = 5*r. Calculate the highest common divisor of 1 and r.
1
Suppose 407 = 3*c - 4*z, -3*c - 2*z = -4*z - 415. Calculate the highest common factor of c and 47.
47
Let u(m) = 3*m - 4. Let o be u(4). Let k = 4 - 2. Suppose 0 = k*i + p - 6, i - 4*p + 14 = 4*i. What is the highest common divisor of o and i?
2
Suppose 5*u = 5*s + 85, 2*s + 3*s = 4*u - 69. Calculate the highest common divisor of 128 and u.
16
Suppose 8*o + 132 = 11*o. What is the greatest common factor of 22 and o?
22
Let q(g) = 2*g. Let k be 2/(((-6)/9)/(-1)). Let i be q(k). Suppose 18 + 18 = 2*r. What is the highest common factor of r and i?
6
Suppose -l - 2*l = 0. Suppose l*t + 5*t - 375 = 0. Suppose c = 3 + 1, -87 = -5*f - 3*c. Calculate the highest common divisor of t and f.
15
Let n = 60 + 15. Suppose n = 3*s + 3*j, j - 3*j - 76 = -4*s. Calculate the greatest common factor of 7 and s.
7
Let a(v) = v**2 - 8*v - 2. Let b be a(9). Calculate the greatest common divisor of 1 and b.
1
Suppose i + 2*c = 84 + 55, -3*c = 5*i - 716. Let f = -103 + i. Let z = f + -25. What is the highest common factor of 68 and z?
17
Let h = 6 - 2. Suppose 5*b = -0*n - n + 60, -215 = -h*n + 5*b. What is the greatest common factor of 22 and n?
11
Let h(p) = 19*p**2 + p. Suppose -4*k + 6 + 14 = 0. Suppose -a = -5*l - 0*l - 7, -2*l + 8 = k*a. Let y be h(l). Calculate the greatest common factor of 2 and y.
2
Suppose -g + 5*g = 52. Let q = -10 + g. Calculate the greatest common divisor of q and 24.
3
Suppose -2*s - 5*p = -17 - 47, 2*s + 3*p - 68 = 0. Let z = s - 26. What is the highest common divisor of 11 and z?
11
Suppose -3*h + 28 = 4*u - 8*h, -4*h = 16. Let p be 22*((-3)/(-3) - u). Let i be (-1 + p*1)*-1. What is the greatest common divisor of 161 and i?
23
Let x = 99 + -33. Let a = -214 - -379. What is the highest common factor of a and x?
33
Suppose -h - 3*r = -17, -2*h + 4 + 3 = -3*r. Let g(n) = n**3 - 2*n**2 + 5*n - 4. Let f be g(3). Calculate the highest common factor of h and f.
4
Suppose 3*v = -f + 7, 0 = 5*f - 3*f - 2*v - 30. Suppose -4*d = -3 - f. What is the greatest common factor of 32 and d?
4
Let g = 2 + 0. Suppose 0 = -g*a - a. Suppose 4*u = -3*w + 2, a*u + 2*w = 2*u - 8. Calculate the highest common divisor of u and 4.
2
Suppose 0 = n - 4, n - 397 = -5*w + 3*n. Suppose 0 = -4*m - 3*x + 24, -x = -m - 4*m + 49. Calculate the highest common factor of m and w.
9
Let x(l) = -2*l + 60. Let y be x(0). Calculate the highest common factor of 12 and y.
12
Suppose -5*n + 21 = 1. Suppose n*z - 24 = -0*z. Calculate the greatest common factor of z and 4.
2
Let h be (4/(-6))/((-10)/1800). What is the highest common factor of 24 and h?
24
Suppose -3*w = 4*z - 57, -3*w + 3*z = -2*w - 19. Let r = w + -6. What is the greatest common divisor of 130 and r?
13
Let i be (1 + (-9)/6)*-10. Let j(q) = 2*q + 1. Let l be j(i). Let k be l + 0 - (-2 - -2). Calculate the greatest common divisor of k and 33.
11
Suppose 0 = 4*c + 4*b - 9 + 1, -5*b = 3*c. What is the greatest common divisor of 45 and c?
5
Suppose -4*a + 8*a = 40. Let j = a - -67. Calculate the greatest common divisor of 7 and j.
7
Let r(z) = -z**3 - 8*z**2 + 3. Let p be r(-8). What is the greatest common factor of 12 and p?
3
Suppose -g - 5*a = 3, -2*g - 2*a + 1 = a. Suppose -g*t + 4*t - 24 = 0. What is the highest common divisor of t and 108?
12
Suppose -6*q = -3*q - 60. What is the greatest common divisor of q and 20?
20
Let i be 2/(201/(-69) - -3) + 1. Calculate the greatest common divisor of 24 and i.
24
Let i(j) = j**3 - 3*j**2 - 2. Let v be i(4). Suppose -h - 3*h = -528. Let s = h + -90. What is the highest common factor of v and s?
14
Suppose 2 = -0*w - w. Let l be 10/((-3)/w + -1). Calculate the greatest common divisor of l and 20.
20
Suppose -2*r + 504 = -0*r. Suppose 6*p - r = 2*p. Let l(m) = -m**3 + 1. Let k be l(-2). Calculate the highest common divisor of k and p.
9
Suppose -47 = -4*x + 9. What is the greatest common factor of x and 7?
7
Let h = -35 + 61. Suppose -4*k + 34 = -5*l, -5*k + 0 = 2*l - h. Let m = 2 + 28. Calculate the greatest common factor of k and m.
6
Let b(a) = 4*a**2 + 2*a + 4. Let d be b(-5). Suppose -d = -2*i - 4*w, -4*i + 9*i + 4*w = 265. Calculate the highest common divisor of 38 and i.
19
Let n(v) = 9 + 3*v + 2 + v. Let l be n(-8). Let u = 37 + l. Calculate the highest common factor of u and 80.
16
Let d(b) = 3*b + 2. Let c be d(6). Calculate the greatest common divisor of c and 2.
2
Suppose -4*o + 8 = -2*o. Suppose -t + 20 = o*t. Suppose t*u = 5*u - 4. Calculate the greatest common divisor of u and 20.
4
Let w be (-2)/(-12) - 5/(-6). Let c = -11 + 14. Calculate the highest common divisor of w and c.
1
Let l(d) = 2*d - 1. Let h = -15 + 7. Let y = -3 - h. Let o be l(y). What is the highest common factor of o and 63?
9
Let n(d) = 7*d - 46*d - 2 + 3. Let t be n(-1). Calculate the highest common divisor of t and 16.
8
Let h be (9 + -12)/(3/(-41)). Suppose -f + h = 16. Calculate the highest common divisor of 175 and f.
25
Suppose -5*q + 2*k + 39 = 0, -4 = -q + k + 2. What is the greatest common factor of q and 45?
9
Suppose -y + 3*v + 8 = 0, -10 = -v + 6*v. What is the greatest common factor of 3 and y?
1
Suppose -2*q + 3 = -j + 21, 5*j = -2*q + 150. Suppose -t - 4*h + j = 0, 0 = -2*t + 3*h + 16 + 7. Calculate the highest common factor of t and 8.
8
Let t(u) be the second derivative of 2*u**4/3 - 4*u**3/3 + 5*u**2/2 + 2*u. Let k be t(5). Suppose n - 20 = -5. What is the highest common factor of k and n?
15
Suppose 5*a = -3*s + 18, s + 4 = 3*a - 4. What is the highest common factor of 9 and a?
3
Let q be 4/6 - (-392)/6. What is the highest common factor of 6 and q?
6
Let v(q) = q**3 + 11*q**2 + 5*q + 22. Let g be v(-10). What is the greatest common factor of g and 9?
9
Let b be 0 + -1 + 2*3. Let h be (-249)/(-3) + 3*-1. Suppose h = -j + 3*j. What is the greatest common divisor of j and b?
5
Let m(r) = -17*r + 2. Let s be m(-2). Suppose 4*o + 4*f + 30 = 2, 3*f = 5*o + 27. Let g be 1*(-3)/o*8. What is the greatest common divisor of s and g?
4
Suppose 8 = -0*b + b. Let l = b + -4. Let v be 1/l + (-206)/(-8). Calculate the highest common divisor of v and 13.
13
Let i = 146 + -108. Calculate the highest common divisor of i and 38.
38
Let t = -7 - -11. Let h = t - 4. Suppose h = -g - 2, 4*s - 60 = -0*g + 2*g. What is the greatest common divisor of 70 and s?
14
Suppose -6*d = -2*d - 32. Suppose -f - d = -0*f. Let o be (28/(-6))/(f/12). What is the highest common factor of o and 1?
1
Let y be (-4)/18 + 56/9. Let s be 6*(45/y)/5. Suppose 4*w - 7*w + 297 = 0. Calculate the greatest common factor of s and w.
9
Let p be 1602/45 - (-3)/(-5). Calculate the greatest common factor of 28 and p.
7
Suppose 140 = 5*q - 10. Calculate the greatest common divisor of 20 and q.
10
Suppose -l - 4 = -2*l. Suppose -2*n + l = -n. What is the greatest common factor of 4 and n?
4
Let q = 21 - 10. What is the highest common factor of q and 22?
11
Let c(y) = 2*y + 4. Let f be c(3). Let h be -6*1*70/(-42). Calculate the greatest common divisor of f and h.
10
Let r = 2 - 2. Suppose 0*y - y + 72 = r. Suppose 5*k = 48 - 8. Calculate the greatest common divisor of k and y.
8
Let t be (-1)/(-1*(-1)/1). Let z = t + 1. Let i(c) = -c + 18. Let x be i(z). What is the greatest common factor of x and 9?
9
Let w be (-2)/3*(0 + -3). Suppose -28 + 7 = -3*l. Suppose 2*d + i = -0*d + 8, i = d - l. What is the highest common factor of w and d?
1
Let r = -1 - -2. Suppose g - 2*g = -r. Let z be (115 + 3)/g + 2. What is the highest common factor of z and 15?
15
Let a = -6 - -10. Suppose -a*b + b = -96. Let x(m) = m**3 + 4*m + 8. Let v be x(0). What is the greatest common divisor of v and b?
8
Let o = -103 + 193. What is the greatest common factor of o and 10?
10
Let g(a) = 15*a**2 - 3*a. Let m be g(2). Let b(v) = v**3 + 4*v**2